n(r) = -4*f(r) - 11*p(r). Calculate n(6).
-1
Suppose -7*n = 3 - 31. Let c be (12/8)/(3/n). Let v(d) = d - 3*d**2 + 4*d**c - 97 + 96 - 3*d**3. Calculate v(1).
-2
Let j(o) = 4*o + o**3 + 44 + 64 - 115 - 5*o**2. Determine j(5).
13
Let k(r) = 103 - 60 - 67 - 8*r. Calculate k(-3).
0
Let l be (0 - 2)*(1 - 0). Let j(d) = -4*d**2 - 5. Let i(k) = k - 9. Let r be i(7). Let w(x) = -x**3 + 9*x**2 - x + 11. Let h(n) = r*w(n) - 5*j(n). What is h(l)?
-9
Suppose 0 = -2*f - 15 - 83. Let k be ((-6)/7)/(7/f). Let g(v) = 3*v**2 + 4*v - 1. Let a(r) = -4*r**2 - 3*r. Let j(y) = -4*a(y) - 5*g(y). Give j(k).
-7
Let n(t) = -2*t**2 - t + 1. Let k be -1*(-11 - (-12)/(-4)). Let o = k - 16. Determine n(o).
-5
Let u(v) = -3*v**3 + 2*v**2 + 3*v - 2. Let m be u(-2). Let d be (-114)/m - (-9)/12. Let h(q) = -q + 5. What is h(d)?
9
Suppose -5*x + 2*x = -18. Let u(o) = -8 - x*o + 9*o - 2 - o. Determine u(7).
4
Let b(r) = 7*r - 159. Let h be b(22). Let p(u) = 0*u**2 - u**2 + 2*u**2 + 2*u. Determine p(h).
15
Let s = -50 - -61. Let a(r) = 6 - r - s + 1. Determine a(-4).
0
Let l(a) = -a**3 - 2*a**2 + 3*a + 6. Let v be l(-2). Let w(x) = -x**2 - 27. What is w(v)?
-27
Let n be (6 - -3)/(3/(-4)). Let r = n + 14. Suppose 2*x - r = -g, -4*x + 5*g + 5 + 27 = 0. Let c(s) = -s**3 + 4*s**2 - 3. Determine c(x).
6
Suppose -4 = 2*o - 8. Let r(y) = -2*y**3 + 3*y**2 - 1. Calculate r(o).
-5
Let z(k) = 148*k**2 + 15*k + 157*k**2 + 3 - k**3 - 313*k**2. Determine z(-10).
53
Let j(p) = p**2 + 8*p + 4. Let y = -34 - -31. Let t be (2 - (3 + y)) + -9. What is j(t)?
-3
Let w = -32 + 59. Let o = 25 - w. Let s(c) = -c**3 + 3*c**2 + 3*c. Let g(n) = -6*n**3 + 14*n**2 + 16*n + 1. Let v(a) = -2*g(a) + 11*s(a). Determine v(o).
8
Let o(z) = z**2 - z. Let k(m) = -m**3 - 10*m**2 + 7*m + 8. Let i(w) = -k(w) - 4*o(w). Let p = -16 + 10. What is i(p)?
10
Let p(w) be the third derivative of 1/6*w**3 + 0*w - 1/6*w**4 + 14*w**2 + 0. Give p(1).
-3
Let r(o) = -3*o + 7. Let t(f) = -6*f - 5. Let p be t(0). Give r(p).
22
Let d be -3 + 5 - (-3 + 3 - -2). Let u(y) = -4*y**2 + 3*y - 43. Let n(q) = -3*q**2 + 2*q - 29. Let v(b) = 7*n(b) - 5*u(b). Determine v(d).
12
Let r(i) = 16*i**2 + 7*i. Let n(z) = -8*z**2 - 3*z. Let t(d) = -9*n(d) - 4*r(d). Determine t(1).
7
Suppose 0 = 3*a + 5*j + 23, -j - 4 = -3*a - 39. Let s = 15 + a. Let p(z) = -4*z + 6. What is p(s)?
-10
Let z(i) = i - i - 6*i + 6*i + 3 + 2*i. What is z(-2)?
-1
Suppose -k + 224 = -29*k. Let y(h) = h**2 + 8*h + 2. Calculate y(k).
2
Let t(u) = -2*u - 1. Suppose 24 + 11 = 5*a. Let w = a + -2. Suppose -3*c = 5*s - 0*s + 3, 31 = 4*c - w*s. Determine t(c).
-9
Let c be (3 + -2)/((25/(-15))/5). Let r(m) be the first derivative of 6*m**2 - 5*m**2 + 2 - 3 + 2*m. Calculate r(c).
-4
Let p = 59 + -67. Let u(y) = y**3 + 9*y**2 + 6*y + 1. Give u(p).
17
Let o(m) be the third derivative of -5*m**4/24 + 4*m**3/3 - 26*m**2 + 2. Calculate o(7).
-27
Let g be (2/6)/((-3)/99). Let v = g + 6. Let x(d) = -d - 11. Let c(l) = l + 11. Let q(z) = 3*c(z) + 2*x(z). Calculate q(v).
6
Let q(j) = -j**2 + 2*j - 2. Let z be q(4). Let v be z/(-16)*-2*-4. Let w(r) = v*r**3 + 3*r**2 - 6*r**3 + 2 + 3*r - 4. Give w(2).
8
Let x(u) be the second derivative of u**3/2 + 3*u**2 - u + 59. What is x(8)?
30
Let f(u) be the third derivative of 1/3*u**3 + 3*u**2 + 0*u + 0 + 1/20*u**5 + 1/24*u**4. Let n be ((-8)/(-6))/((-7)/(21/2)). What is f(n)?
12
Let c(i) = -i**3 + 5*i**2 + 5*i - 2. Let l = -128 + 146. Let s(d) = -d**3 + 4*d**2 - 4. Let j be s(3). Suppose -j*n + 12 = -l. Give c(n).
-8
Let v(z) = z**3 + 4*z**2 - 5*z - 4. Let w = 80 - 75. Let y(c) = -7*c + 30. Let x be y(w). Calculate v(x).
-4
Suppose 0 = 3*w - 6*w + 3*p - 6, 5*w = 2*p - 22. Let j(d) = -d**3 - 5*d**2 + 6*d - 3. Give j(w).
-3
Let m(y) = y + 6. Let v(i) = -4*i - 32. Let o(s) = -16*m(s) - 3*v(s). Suppose 0 = -3*a + 6*a - 5*c + 18, -2*a - 3*c = -7. Give o(a).
4
Suppose 10 = -2*z - 2*c, 5*c + 15 = -3*z - 4. Let n(u) = -7*u + 2. Let j(f) = -304 + 302 + 0*f + 6*f. Let i(k) = 5*j(k) + 4*n(k). Determine i(z).
-8
Let n(u) = -5*u + 21*u - 2 - 3 - 14*u. What is n(10)?
15
Suppose 279*s - 10 = 274*s. Let f(j) = 5*j**3 - j**2 + j - 2. Calculate f(s).
36
Let b(g) = 6*g + 38 + 44 - 132 + 34. Calculate b(7).
26
Let u(q) be the second derivative of -q**4/6 + q**3/3 - q**2/2 + 49*q + 1. Determine u(2).
-5
Let v(s) be the third derivative of -s**6/120 + 2*s**3/3 + 21*s**2 + s. Let r be (-4)/6 + (-4)/(-6). Determine v(r).
4
Let v(o) = -7*o + 3. Let c be 3*(-2)/27 - 38/(-9). Determine v(c).
-25
Let y(q) = 13*q - 3016*q**2 + 1507*q**2 + 2 + 1508*q**2. Give y(14).
-12
Let y(j) = -j**3 + 8*j**2 - 7*j + 6. Let w be (2 - (-4)/(-4)) + 34. Let z be (-2)/(-8) + w/4. Suppose -o + z = 2. Calculate y(o).
6
Suppose -5 = -5*m + 5. Suppose 3*t - 1 = -m*x, -6 = -0*t - 3*t - 3*x. Let j(q) = -2*q**2 - 4*q + 1. What is j(t)?
-5
Let t(d) = 5*d**2 + 3*d - 4. Let w(a) = 2 - 10*a**2 - 5 - 1 + 13 - 7*a. Let h(r) = 7*t(r) + 3*w(r). What is h(-1)?
4
Let p be 2 + 0*(0 + 2/6). Let x(v) = 0 - 17*v**p + 1 + v + 14*v**2. What is x(2)?
-9
Let g(q) = q + 5. Let i(f) = -2. Let t(w) = -3*g(w) - 5*i(w). Let p(l) = l. Let m(c) = p(c) + t(c). Determine m(-5).
5
Let q(v) = v**2 - 5*v - 3. Let x be 48/(-10) - (-8)/10. Let s be (-3)/x - 147/(-28). Determine q(s).
3
Let g(j) = -j - 17. Let a be g(-14). Let v(w) = 3*w**2 + 26*w - 1. Let u(i) = i**2 + 9*i. Let p(x) = a*v(x) + 8*u(x). Determine p(-6).
3
Let p(v) = v**2 - 6. Let z(x) = 19*x + 1. Let k be z(-1). Suppose 0 = -10*j - 15 - 5. Let a be j/(-3) - (-12)/k. What is p(a)?
-6
Let w(x) be the first derivative of -9/2*x**2 + 14 + 0*x. Calculate w(1).
-9
Let q(f) = -2*f + 9. Let u = -95 + 101. Give q(u).
-3
Let j(v) be the third derivative of 3*v**5/40 - v**3/2 - 13*v**2. Let m(a) be the first derivative of j(a). Calculate m(1).
9
Let w be (6/8)/((-1)/(-4)). Suppose w = -5*d + 13. Let q(g) = -2*g**2 + 3*g - 5. Let j(o) = -3*o**2 + 6*o - 11. Let z(k) = -2*j(k) + 5*q(k). Determine z(d).
-13
Let n(q) be the third derivative of q**6/60 + q**5/20 + q**4/24 + q**3/3 + 44*q**2 - 1. What is n(-2)?
-4
Let o(y) = 5*y - 9 + 5*y**2 + 5*y + 11*y**2 + 20*y**2 - 37*y**2. Give o(4).
15
Suppose 15 = -4*i - 1. Let q(h) = h**2 - h - 9. Let b(y) = -y + 1. Let f(m) = -3*b(m) - q(m). Determine f(i).
-26
Let z = 34 + -32. Suppose 0 = -4*j + 20, 3*n + 2*j = z*n - 12. Let q be 1 + 0 - (-44)/n. Let d(b) = 3*b**2. Give d(q).
3
Suppose 160*n - 159*n = 0. Let j be 1 + 3 + 4/(-2). Let p(i) = -i + 0 + j*i - 7. What is p(n)?
-7
Let j(i) = -19*i - 7. Let h be j(-2). Let u(r) = h - r**3 + r**2 + 7*r - 30 + 2*r**2 - 2*r. Determine u(4).
5
Let z(a) = -2*a + 3. Let n(i) = -i**2 + 23*i + 202. Let o be n(30). What is z(o)?
19
Let v be -4 + (2/3)/(4/6). Let r(o) = -16*o**2 - 21*o - 26. Let b(p) = 3*p**2 + 4*p + 5. Let a(q) = -11*b(q) - 2*r(q). What is a(v)?
-6
Let m(d) = -36*d - 8 + 23 + 67*d - 34*d. Calculate m(6).
-3
Let f(z) = 5*z + 255189 - 255185 + 3*z. Calculate f(2).
20
Let g(p) = -p - 4. Let v = -13 + 22. Let z(s) = -s**2 + 11*s + 10. Let r be z(v). Suppose 4*d + 2*b = -26, 6*b - 2*b + r = -2*d. Calculate g(d).
0
Let s(y) = y**2 - 3*y - 4. Suppose 0 = -4*g - 37 + 89. Let u(x) = g - 4 + 7*x + 2*x**2 - 4*x**2. Let j(w) = 9*s(w) + 4*u(w). Give j(1).
2
Let m(l) be the second derivative of 0 - 4/3*l**3 - 3/2*l**2 - 1/12*l**4 - 7*l. What is m(-6)?
9
Let f(u) = u**3 + 5*u**2 - u - 7. Suppose 32*o - 15*o = -85. Determine f(o).
-2
Let i(o) = o**3 + 4*o**2 + 3*o + 3. Let c be i(-3). Suppose 2*q + c = 9. Let f(u) be the first derivative of -u**4/4 + 2*u**3/3 + u**2 - 4. What is f(q)?
-3
Let v(q) = q**3 + 10*q**2 + 9*q - 1. Let g be (-7)/14 + 17/(-2). What is v(g)?
-1
Let l(j) = j**2 - j + 4. Suppose 3*g + 21 = 2*q - 0, 2*q + 2*g = -4. What is l(q)?
10
Let h be 268/6 - 9/(-27). Let f(b) = 5 + 25*b - h*b + 19*b. Give f(-6).
11
Let w(v) = -4*v + 6 - 9 - 2*v. Let m(n) = -n. Let b(g) = -5*m(g) - w(g). What is b(-2)?
-19
Suppose 2*u + 4 = -2*f, 4*u + 2 = u - 4*f. Let c = u - -11. Suppose -w + c*w = 4. Let z(t) = 2*t**3 + 2*t**2 - t. Give z(w).
3
Let w = 112 - 120. Let t(g) = -3*g - 15. What is t(w)?
9
Let y(b) = 3 - 9 + 0 + 3*b. Suppose 14 = 4*h + 2*v, 20*h - 18*h = -3*v + 1. Give y(h).
9
Let b be (-48)/(-40)*(-10)/(-3). Let c = -32 - -35. Let u(g) = g + 2*g - 5 + c*g. Determine u(b).
19
Let v(k) = k - 4. Let h be 